{"id":181,"date":"2026-02-11T21:07:02","date_gmt":"2026-02-11T21:07:02","guid":{"rendered":"https:\/\/g-studio.hu\/index.php\/kapcsolat\/"},"modified":"2026-02-11T21:07:03","modified_gmt":"2026-02-11T21:07:03","slug":"kapcsolat","status":"publish","type":"page","link":"https:\/\/g-studio.hu\/index.php\/kapcsolat\/","title":{"rendered":"Kapcsolat"},"content":{"rendered":"\n   \n    <section class=\"u-clearfix u-image u-shading u-section-1\" id=\"carousel_b8d1\" data-image-width=\"1920\" data-image-height=\"1280\" style=\"background-image: linear-gradient(0deg, rgba(0, 0, 0, 0.85), rgba(0, 0, 0, 0.85)), url(&quot;https:\/\/g-studio.hu\/wp-content\/uploads\/2026\/02\/flat-lay-desk-concept-with-smartphone-template.jpg&quot;);\">\n      <div class=\"u-clearfix u-sheet u-sheet-1\">\n        <h2 class=\"u-text u-text-default u-text-1\">El\u00e9rhet\u0151s\u00e9g<\/h2>\n        <div class=\"data-layout-selected u-clearfix u-expanded-width u-layout-wrap u-layout-wrap-1\">\n          <div class=\"u-layout\">\n            <div class=\"u-layout-row\">\n              <div class=\"u-container-style u-layout-cell u-left-cell u-size-30 u-layout-cell-1\" data-animation-name=\"customAnimationIn\" data-animation-duration=\"1500\" data-animation-delay=\"250\">\n                <div class=\"u-container-layout u-container-layout-1\">\n                  <p class=\"u-text u-text-2\"> Telefonsz\u00e1m: +36 70 679 6802<br>Email: \u200badmin@g-studio.hu<br>V\u00e1ros: Ny\u00edregyh\u00e1za<br>\n                  <\/p>\n                  <p class=\"u-text u-text-3\"> K\u00f6vessen minket a k\u00f6z\u00f6ss\u00e9gi m\u00e9dia platformokon is:<br>\n                    <br>Facebook: \u200bhttps:\/\/www.facebook.com\/gstudio88\/<br>Instagram: \u200bhttps:\/\/www.instagram.com\/g.studio78387\/\n                  <\/p>\n                <\/div>\n              <\/div>\n              <div class=\"u-container-style u-layout-cell u-right-cell u-size-30 u-layout-cell-2\" data-animation-name=\"customAnimationIn\" data-animation-duration=\"1500\" data-animation-delay=\"500\">\n                <div class=\"u-container-layout u-container-layout-2\">\n                  <div class=\"u-expanded-width u-form u-form-1\">\n                    <form action=\"https:\/\/service.nicepagesrv.com\/form\/v4\/form-process\" class=\"u-block-a1fb-12 u-clearfix u-form-spacing-15 u-form-vertical u-inner-form\" source=\"email\"><!-- hidden inputs for siteId and pageId -->\n                      <div class=\"u-form-group u-form-name\">\n                        <label for=\"name-f798\" class=\"u-form-control-hidden u-label\">Name<\/label>\n                        <input type=\"text\" placeholder=\"N\u00e9v\" id=\"name-f798\" name=\"name\" class=\"u-border-2 u-border-no-left u-border-no-right u-border-no-top u-border-white u-input u-input-rectangle\" required=\"\">\n                      <\/div><!-- always visible -->\n                      <div class=\"u-form-email u-form-group\">\n                        <label for=\"email-f798\" class=\"u-form-control-hidden u-label\">Email<\/label>\n                        <input type=\"email\" placeholder=\"\u00c9rv\u00e9nyes email c\u00edm\" id=\"email-f798\" name=\"email\" class=\"u-border-2 u-border-no-left u-border-no-right u-border-no-top u-border-white u-input u-input-rectangle\" required=\"\">\n                      <\/div>\n                      <div class=\"u-form-group u-form-message\">\n                        <label for=\"message-f798\" class=\"u-form-control-hidden u-label\">Message<\/label>\n                        <textarea placeholder=\"\u00cdrd ide az \u00fczeneted, \u00e9s hogy melyik fot\u00f3s csomag ir\u00e1nt \u00e9rdekl\u0151dsz\" rows=\"4\" cols=\"50\" id=\"message-f798\" name=\"message\" class=\"u-border-2 u-border-no-left u-border-no-right u-border-no-top u-border-white u-input u-input-rectangle\" required=\"\"><\/textarea>\n                      <\/div>\n                      <div class=\"u-form-group u-form-submit\">\n                        <a href=\"#\" class=\"u-active-white u-border-2 u-border-active-white u-border-hover-white u-border-white u-btn u-btn-submit u-button-style u-hover-white u-none u-text-active-palette-2-base u-text-body-alt-color u-text-hover-black u-btn-1\">k\u00fcld\u00e9s<\/a>\n                        <input type=\"submit\" value=\"submit\" class=\"u-form-control-hidden\">\n                      <\/div>\n                      <div class=\"u-form-send-message u-form-send-success\"> Thank you! Your message has been sent. <\/div>\n                      <div class=\"u-form-send-error u-form-send-message\"> Unable to send your message. Please fix errors then try again. <\/div>\n                      <input type=\"hidden\" value=\"\" name=\"recaptchaResponse\">\n                      <input type=\"hidden\" name=\"formServices\" value=\"965c87e8-d402-0b4f-467c-5835e8f46c74\">\n                      <input type=\"hidden\" name=\"siteKey\" value=\"6LcCbGgsAAAAAJNofnZ0NSKBhadSIdXC5lxsdoQr\">\n                    <\/form>\n                  <\/div>\n                  <div class=\"u-social-icons u-social-icons-1\">\n                    <a class=\"u-social-url\" target=\"_blank\" href=\"https:\/\/www.facebook.com\/gstudio88\/\" title=\"facebook\"><span class=\"u-icon u-icon-circle u-social-facebook u-social-icon u-icon-1\"><svg class=\"u-svg-link\" preserveAspectRatio=\"xMidYMin slice\" viewBox=\"0 0 112.2 112.2\" style=\"\"><use xmlns:xlink=\"http:\/\/www.w3.org\/1999\/xlink\" xlink:href=\"#svg-5f4f\"><\/use><\/svg><svg x=\"0px\" y=\"0px\" viewBox=\"0 0 112.2 112.2\" enable-background=\"new 0 0 112.2 112.2\" xml:space=\"preserve\" id=\"svg-5f4f\" class=\"u-svg-content\"><path d=\"M75.5,28.8H65.4c-1.5,0-4,0.9-4,4.3v9.4h13.9l-1.5,15.8H61.4v45.1H42.8V58.3h-8.8V42.4h8.8V32.2 c0-7.4,3.4-18.8,18.8-18.8h13.8v15.4H75.5z\"><\/path><\/svg><\/span>\n                    <\/a>\n                    <a class=\"u-social-url\" target=\"_blank\" href=\"https:\/\/www.instagram.com\/g.studio78387\/\" title=\"instagram\"><span class=\"u-icon u-icon-circle u-social-icon u-social-instagram u-icon-2\"><svg class=\"u-svg-link\" preserveAspectRatio=\"xMidYMin slice\" viewBox=\"0 0 112.2 112.2\" style=\"\"><use xmlns:xlink=\"http:\/\/www.w3.org\/1999\/xlink\" xlink:href=\"#svg-0b43\"><\/use><\/svg><svg x=\"0px\" y=\"0px\" viewBox=\"0 0 112.2 112.2\" enable-background=\"new 0 0 112.2 112.2\" xml:space=\"preserve\" id=\"svg-0b43\" class=\"u-svg-content\"><path d=\"M55.9,32.9c-12.8,0-23.2,10.4-23.2,23.2s10.4,23.2,23.2,23.2s23.2-10.4,23.2-23.2S68.7,32.9,55.9,32.9z M55.9,69.4c-7.4,0-13.3-6-13.3-13.3c-0.1-7.4,6-13.3,13.3-13.3s13.3,6,13.3,13.3C69.3,63.5,63.3,69.4,55.9,69.4z\"><\/path><path d=\"M79.7,26.8c-3,0-5.4,2.5-5.4,5.4s2.5,5.4,5.4,5.4c3,0,5.4-2.5,5.4-5.4S82.7,26.8,79.7,26.8z\"><\/path><path d=\"M78.2,11H33.5C21,11,10.8,21.3,10.8,33.7v44.7c0,12.6,10.2,22.8,22.7,22.8h44.7c12.6,0,22.7-10.2,22.7-22.7 V33.7C100.8,21.1,90.6,11,78.2,11z M91,78.4c0,7.1-5.8,12.8-12.8,12.8H33.5c-7.1,0-12.8-5.8-12.8-12.8V33.7 c0-7.1,5.8-12.8,12.8-12.8h44.7c7.1,0,12.8,5.8,12.8,12.8V78.4z\"><\/path><\/svg><\/span>\n                    <\/a>\n                  <\/div>\n                <\/div>\n              <\/div>\n            <\/div>\n          <\/div>\n        <\/div>\n        <img decoding=\"async\" class=\"u-image u-image-contain u-image-default u-image-1\" src=\"https:\/\/g-studio.hu\/wp-content\/uploads\/2026\/02\/logo3.png\" alt=\"\" data-image-width=\"1024\" data-image-height=\"550\">\n      <\/div>\n    <\/section>\n    \n    \n    \n    \n  \n","protected":false},"excerpt":{"rendered":"<p>El\u00e9rhet\u0151s\u00e9g Telefonsz\u00e1m: +36 70 679 6802Email: \u200badmin@g-studio.huV\u00e1ros: Ny\u00edregyh\u00e1za K\u00f6vessen minket a k\u00f6z\u00f6ss\u00e9gi m\u00e9dia platformokon is: Facebook: \u200bhttps:\/\/www.facebook.com\/gstudio88\/Instagram: \u200bhttps:\/\/www.instagram.com\/g.studio78387\/ Name Email Message k\u00fcld\u00e9s Thank you! Your message has been sent. Unable to send your message. Please fix errors then try again.<\/p>\n","protected":false},"author":1,"featured_media":0,"parent":0,"menu_order":6,"comment_status":"closed","ping_status":"closed","template":"","meta":{"footnotes":""},"class_list":["post-181","page","type-page","status-publish","hentry"],"yoast_head":"<!-- This site is optimized with the Yoast SEO Premium plugin v19.5 (Yoast SEO v27.0) - https:\/\/yoast.com\/product\/yoast-seo-premium-wordpress\/ -->\n<title>Kapcsolat - G Studio<\/title>\n<meta name=\"robots\" content=\"index, follow, max-snippet:-1, max-image-preview:large, max-video-preview:-1\" \/>\n<link rel=\"canonical\" href=\"https:\/\/g-studio.hu\/index.php\/kapcsolat\/\" \/>\n<meta property=\"og:locale\" content=\"hu_HU\" \/>\n<meta property=\"og:type\" content=\"article\" \/>\n<meta property=\"og:title\" content=\"Kapcsolat\" \/>\n<meta property=\"og:description\" content=\"El\u00e9rhet\u0151s\u00e9g Telefonsz\u00e1m: +36 70 679 6802Email: \u200badmin@g-studio.huV\u00e1ros: Ny\u00edregyh\u00e1za K\u00f6vessen minket a k\u00f6z\u00f6ss\u00e9gi m\u00e9dia platformokon is: Facebook: \u200bhttps:\/\/www.facebook.com\/gstudio88\/Instagram: \u200bhttps:\/\/www.instagram.com\/g.studio78387\/ Name Email Message k\u00fcld\u00e9s Thank you! Your message has been sent. Unable to send your message. Please fix errors then try again.\" \/>\n<meta property=\"og:url\" content=\"https:\/\/g-studio.hu\/index.php\/kapcsolat\/\" \/>\n<meta property=\"og:site_name\" content=\"G Studio\" \/>\n<meta property=\"article:publisher\" content=\"https:\/\/www.facebook.com\/gstudio88\" \/>\n<meta property=\"article:modified_time\" content=\"2026-02-11T21:07:03+00:00\" \/>\n<meta name=\"twitter:card\" content=\"summary_large_image\" \/>\n<script type=\"application\/ld+json\" class=\"yoast-schema-graph\">{\"@context\":\"https:\/\/schema.org\",\"@graph\":[{\"@type\":\"WebPage\",\"@id\":\"https:\/\/g-studio.hu\/index.php\/kapcsolat\/\",\"url\":\"https:\/\/g-studio.hu\/index.php\/kapcsolat\/\",\"name\":\"Kapcsolat - G Studio\",\"isPartOf\":{\"@id\":\"https:\/\/g-studio.hu\/#website\"},\"datePublished\":\"2026-02-11T21:07:02+00:00\",\"dateModified\":\"2026-02-11T21:07:03+00:00\",\"breadcrumb\":{\"@id\":\"https:\/\/g-studio.hu\/index.php\/kapcsolat\/#breadcrumb\"},\"inLanguage\":\"hu\",\"potentialAction\":[{\"@type\":\"ReadAction\",\"target\":[\"https:\/\/g-studio.hu\/index.php\/kapcsolat\/\"]}]},{\"@type\":\"BreadcrumbList\",\"@id\":\"https:\/\/g-studio.hu\/index.php\/kapcsolat\/#breadcrumb\",\"itemListElement\":[{\"@type\":\"ListItem\",\"position\":1,\"name\":\"Kezd\u0151lap\",\"item\":\"https:\/\/g-studio.hu\/\"},{\"@type\":\"ListItem\",\"position\":2,\"name\":\"Kapcsolat\"}]},{\"@type\":\"WebSite\",\"@id\":\"https:\/\/g-studio.hu\/#website\",\"url\":\"https:\/\/g-studio.hu\/\",\"name\":\"G Studio\",\"description\":\"\",\"potentialAction\":[{\"@type\":\"SearchAction\",\"target\":{\"@type\":\"EntryPoint\",\"urlTemplate\":\"https:\/\/g-studio.hu\/?s={search_term_string}\"},\"query-input\":{\"@type\":\"PropertyValueSpecification\",\"valueRequired\":true,\"valueName\":\"search_term_string\"}}],\"inLanguage\":\"hu\"}]}<\/script>\n<!-- \/ Yoast SEO Premium plugin. -->","yoast_head_json":{"title":"Kapcsolat - G Studio","robots":{"index":"index","follow":"follow","max-snippet":"max-snippet:-1","max-image-preview":"max-image-preview:large","max-video-preview":"max-video-preview:-1"},"canonical":"https:\/\/g-studio.hu\/index.php\/kapcsolat\/","og_locale":"hu_HU","og_type":"article","og_title":"Kapcsolat","og_description":"El\u00e9rhet\u0151s\u00e9g Telefonsz\u00e1m: +36 70 679 6802Email: \u200badmin@g-studio.huV\u00e1ros: Ny\u00edregyh\u00e1za K\u00f6vessen minket a k\u00f6z\u00f6ss\u00e9gi m\u00e9dia platformokon is: Facebook: \u200bhttps:\/\/www.facebook.com\/gstudio88\/Instagram: \u200bhttps:\/\/www.instagram.com\/g.studio78387\/ Name Email Message k\u00fcld\u00e9s Thank you! Your message has been sent. Unable to send your message. Please fix errors then try again.","og_url":"https:\/\/g-studio.hu\/index.php\/kapcsolat\/","og_site_name":"G Studio","article_publisher":"https:\/\/www.facebook.com\/gstudio88","article_modified_time":"2026-02-11T21:07:03+00:00","twitter_card":"summary_large_image","schema":{"@context":"https:\/\/schema.org","@graph":[{"@type":"WebPage","@id":"https:\/\/g-studio.hu\/index.php\/kapcsolat\/","url":"https:\/\/g-studio.hu\/index.php\/kapcsolat\/","name":"Kapcsolat - G Studio","isPartOf":{"@id":"https:\/\/g-studio.hu\/#website"},"datePublished":"2026-02-11T21:07:02+00:00","dateModified":"2026-02-11T21:07:03+00:00","breadcrumb":{"@id":"https:\/\/g-studio.hu\/index.php\/kapcsolat\/#breadcrumb"},"inLanguage":"hu","potentialAction":[{"@type":"ReadAction","target":["https:\/\/g-studio.hu\/index.php\/kapcsolat\/"]}]},{"@type":"BreadcrumbList","@id":"https:\/\/g-studio.hu\/index.php\/kapcsolat\/#breadcrumb","itemListElement":[{"@type":"ListItem","position":1,"name":"Kezd\u0151lap","item":"https:\/\/g-studio.hu\/"},{"@type":"ListItem","position":2,"name":"Kapcsolat"}]},{"@type":"WebSite","@id":"https:\/\/g-studio.hu\/#website","url":"https:\/\/g-studio.hu\/","name":"G Studio","description":"","potentialAction":[{"@type":"SearchAction","target":{"@type":"EntryPoint","urlTemplate":"https:\/\/g-studio.hu\/?s={search_term_string}"},"query-input":{"@type":"PropertyValueSpecification","valueRequired":true,"valueName":"search_term_string"}}],"inLanguage":"hu"}]}},"_links":{"self":[{"href":"https:\/\/g-studio.hu\/index.php\/wp-json\/wp\/v2\/pages\/181","targetHints":{"allow":["GET"]}}],"collection":[{"href":"https:\/\/g-studio.hu\/index.php\/wp-json\/wp\/v2\/pages"}],"about":[{"href":"https:\/\/g-studio.hu\/index.php\/wp-json\/wp\/v2\/types\/page"}],"author":[{"embeddable":true,"href":"https:\/\/g-studio.hu\/index.php\/wp-json\/wp\/v2\/users\/1"}],"replies":[{"embeddable":true,"href":"https:\/\/g-studio.hu\/index.php\/wp-json\/wp\/v2\/comments?post=181"}],"version-history":[{"count":1,"href":"https:\/\/g-studio.hu\/index.php\/wp-json\/wp\/v2\/pages\/181\/revisions"}],"predecessor-version":[{"id":192,"href":"https:\/\/g-studio.hu\/index.php\/wp-json\/wp\/v2\/pages\/181\/revisions\/192"}],"wp:attachment":[{"href":"https:\/\/g-studio.hu\/index.php\/wp-json\/wp\/v2\/media?parent=181"}],"curies":[{"name":"wp","href":"https:\/\/api.w.org\/{rel}","templated":true}]}}